{"id":23,"date":"2023-08-26T15:12:53","date_gmt":"2023-08-26T13:12:53","guid":{"rendered":"https:\/\/hdiagnostics.fr\/?page_id=23"},"modified":"2023-10-11T15:28:59","modified_gmt":"2023-10-11T13:28:59","slug":"dpe","status":"publish","type":"page","link":"https:\/\/hdiagnostics.fr\/index.php\/dpe\/","title":{"rendered":"DPE"},"content":{"rendered":"\n<figure class=\"wp-block-image size-full is-resized\"><img loading=\"lazy\" decoding=\"async\" src=\"https:\/\/hdiagnostics.fr\/wp-content\/uploads\/2023\/10\/dpe.jpg\" alt=\"\" class=\"wp-image-101\" style=\"width:219px;height:164px\" width=\"219\" height=\"164\" srcset=\"https:\/\/hdiagnostics.fr\/wp-content\/uploads\/2023\/10\/dpe.jpg 620w, https:\/\/hdiagnostics.fr\/wp-content\/uploads\/2023\/10\/dpe-300x225.jpg 300w\" sizes=\"auto, (max-width: 219px) 100vw, 219px\" \/><\/figure>\n\n\n\n<p><\/p>\n\n\n\n<p class=\"has-black-color has-text-color has-medium-font-size\">Le Diagnostic de Performance \u00e9nerg\u00e9tique (DPE), a \u00e9t\u00e9 mis en place dans le cadre des politiques nationales europ\u00e9ennes pour le protocole de Kyoto et il ne peut \u00eatre effectu\u00e9 que par un diagnostiqueur professionnel certifi\u00e9.<\/p>\n\n\n\n<p class=\"has-black-color has-text-color has-medium-font-size\">Lors de la vente ou de la location d&#8217;un bien immobilier \u00e0 usage d&#8217;habitation le DPE est obligatoirement joint \u00e0 la promesse de vente ou au contrat de location et doit \u00eatre \u00e0 mis \u00e0 disposition de chaque pr\u00e9tendant \u00e0 la location ou \u00e0 l&#8217;achat.<\/p>\n\n\n\n<p class=\"has-black-color has-text-color has-medium-font-size\">Tout type de logement est concern\u00e9, maison individuelle ou appartement dans un collectif, except\u00e9 les habitations qui n&#8217;ont pas vocation \u00e0 \u00eatre occup\u00e9es plus de 4 mois par an.<\/p>\n\n\n\n<p class=\"has-black-color has-text-color has-medium-font-size\">Le diagnostic, valide durant 10 ans, renseigne deux crit\u00e8res : &#8220;\u00e9nergie&#8221; et &#8220;climat&#8221; sous forme d&#8217;\u00e9chelles allant de A \u00e0 G.<\/p>\n\n\n\n<p class=\"has-black-color has-text-color has-medium-font-size\">Il est utilis\u00e9 pour \u00e9valuer la consommation et le co\u00fbt en \u00e9nergie du logement, ainsi que son taux d&#8217;\u00e9mission de gaz \u00e0 effet de serre.<\/p>\n\n\n\n<p class=\"has-black-color has-text-color has-medium-font-size\">Il comprend aussi le descriptif des caract\u00e9ristiques du b\u00e2timent et des conseils pour g\u00e9rer au mieux la consommation d&#8217;\u00e9nergie.<\/p>\n\n\n\n<p><\/p>\n","protected":false},"excerpt":{"rendered":"<p>Le Diagnostic de Performance \u00e9nerg\u00e9tique (DPE), a \u00e9t\u00e9 mis en place dans le cadre des politiques nationales europ\u00e9ennes pour le protocole de Kyoto et il ne peut \u00eatre effectu\u00e9 que &#8230;<\/p>\n","protected":false},"author":1,"featured_media":0,"parent":0,"menu_order":0,"comment_status":"closed","ping_status":"closed","template":"","meta":{"footnotes":""},"class_list":["post-23","page","type-page","status-publish","hentry"],"_links":{"self":[{"href":"https:\/\/hdiagnostics.fr\/index.php\/wp-json\/wp\/v2\/pages\/23","targetHints":{"allow":["GET"]}}],"collection":[{"href":"https:\/\/hdiagnostics.fr\/index.php\/wp-json\/wp\/v2\/pages"}],"about":[{"href":"https:\/\/hdiagnostics.fr\/index.php\/wp-json\/wp\/v2\/types\/page"}],"author":[{"embeddable":true,"href":"https:\/\/hdiagnostics.fr\/index.php\/wp-json\/wp\/v2\/users\/1"}],"replies":[{"embeddable":true,"href":"https:\/\/hdiagnostics.fr\/index.php\/wp-json\/wp\/v2\/comments?post=23"}],"version-history":[{"count":4,"href":"https:\/\/hdiagnostics.fr\/index.php\/wp-json\/wp\/v2\/pages\/23\/revisions"}],"predecessor-version":[{"id":105,"href":"https:\/\/hdiagnostics.fr\/index.php\/wp-json\/wp\/v2\/pages\/23\/revisions\/105"}],"wp:attachment":[{"href":"https:\/\/hdiagnostics.fr\/index.php\/wp-json\/wp\/v2\/media?parent=23"}],"curies":[{"name":"wp","href":"https:\/\/api.w.org\/{rel}","templated":true}]}}